r be n(-3). Suppose -16 = s - 2*f, -5*f + 0*f - 50 = r*s. Let h = 40 + s. What is the tens digit of h?
2
Let s(z) = -z**2 + z + 19. What is the units digit of s(0)?
9
Let q(g) = -g**2. Let o(r) = -15*r**2 + 2*r - 3. Let d(v) = -o(v) + 5*q(v). What is the tens digit of d(2)?
3
What is the units digit of 424 + -8 + (-3 - 1)?
2
Let w = 2 + -10. Let i = w + 10. Suppose -b + i*z + 7 = z, 22 = 3*b - 2*z. What is the units digit of b?
8
Let v = -34 + 64. What is the tens digit of v?
3
Suppose 2*a = -s + 11, 5*a = 2*s - 0 + 14. Suppose -2*i = -y - s*i + 14, 4*i - 29 = -y. What is the units digit of y?
9
Let g(n) = -2*n - 3. Let d be g(-4). Let k = d + -3. Let t = k - 1. What is the units digit of t?
1
Let u = -8 + 2. Let l be 138/10 + 3/15. Let i = l + u. What is the units digit of i?
8
Let o be -2*1*(-4 - -3). Suppose -2*x - 37 = -4*x - 3*y, 0 = o*x - 5*y + 3. What is the units digit of (5/(-5))/((-1)/x)?
1
Let q = -121 - -223. What is the units digit of q?
2
Suppose -4*f - 16 = 0, 2*w + f = 4*w + 166. Let a be w/15*(1 + -10). Suppose -s + 0*k = k - 15, 3*s + 5*k - a = 0. What is the units digit of s?
2
Let f(j) = j**2 - 4*j + 21. What is the tens digit of f(6)?
3
What is the units digit of (9/36)/((-3)/(-3396))?
3
Let b = 5 + -4. Let s be 32 - 1/(b/(-1)). Suppose 2*p - s = -13. What is the units digit of p?
0
Suppose -3*y - 50 = 13. What is the units digit of 4/6 + (-364)/y?
8
Let g(f) = f**2 + 10*f + 12 - 3*f**2 + 2*f**2 - f**2. What is the units digit of g(11)?
1
Let a = -1 + 3. Let n be (a - -2)*-2 - -2. Let i = 1 - n. What is the units digit of i?
7
Suppose -4*i - 2 = -18. Suppose -58 - 9 = -i*h - a, -h + 5*a = -1. What is the units digit of h?
6
Suppose c = -4*h + 17, 2*c = -4*h + 12 + 34. Suppose -2*d = -3*n + c, -4*n + 35 = -2*d + 3*d. What is the units digit of n?
9
Let v(h) = -h**3 - 6*h**2 - 7*h - 6. Let i be v(-5). Suppose 0 = 2*g - i*g + 14. What is the units digit of g?
7
Let d(q) = 2*q - 13. What is the units digit of d(8)?
3
What is the units digit of (-2)/((-28)/846) - 27/63?
0
Let n(l) = 13*l**2 + 2*l + 1. Let u(h) = -h**2. Let d(o) = n(o) + 3*u(o). Let z be d(-1). Suppose -z = -2*f - f. What is the units digit of f?
3
Let r be (-12)/(-5) - 4/10. Suppose 5*k + r + 3 = 0, -3*z = -4*k - 13. Let q = z - -5. What is the units digit of q?
8
What is the tens digit of (-2)/(-8) - (-142)/8?
1
Suppose 4*z = 2*z + 32. What is the units digit of z?
6
Let k(m) = m**3 + 4*m**2 + m - 2. Let p(a) = a**3 + 11*a**2 + a + 8. Let d be p(-11). What is the units digit of k(d)?
4
What is the tens digit of (-31)/(-3) + (-9)/27?
1
Let j = 64 - 35. What is the units digit of j?
9
Let c = 23 + -22. What is the tens digit of c - (-9)/(-3 + 4)?
1
Let q = -2 + -6. Let b(h) = -2*h - 8. What is the units digit of b(q)?
8
Let d = -23 + 40. What is the units digit of d?
7
Let s be (-2 + -4)*-1 - 1. Suppose 4*g - s - 27 = 0. What is the units digit of g?
8
Let h = -61 - -149. What is the units digit of h?
8
What is the units digit of (19/(-3))/(3/(-90)*2)?
5
What is the hundreds digit of (-2)/5 + (-12)/(-90)*828?
1
Let b(h) = -h**2 - 5*h + 2. Let j be b(-5). Suppose -205 = -j*u - 3*u. What is the tens digit of u?
4
Let u be (-4)/6*-6*1. Suppose -u*f + 18 = 6. What is the units digit of f?
3
Let f be 3 + 1 - (-1 + 2). Suppose c + a = 5, -2*c - a + 6 = -f*a. Suppose c + 1 = t. What is the units digit of t?
5
Suppose 2*x = -0*x + 3*i - 5, -5*i = -15. Suppose -4*r = -x*r - 16. Let d = r + -5. What is the units digit of d?
3
Suppose 0 = -4*j - j - 3*n, 5*j - 10 = -n. Suppose -r = j*w - 45, 6*w - w + 163 = 3*r. What is the tens digit of r?
5
Let y be (-2)/(-7) + 2/(-7). Suppose -4 = -2*g - y. What is the units digit of g?
2
Suppose -5*x = -5*y - 25, 0 = -5*x + 2*x - 2*y. Suppose -l - 6 = -x*l. What is the units digit of l?
6
Let i = 55 - 24. Let f(j) = -j**3 + 8*j**2 + j - 11. Let m be f(7). Let t = m - i. What is the units digit of t?
4
Let p(h) = -h**3 + 9*h**2 + 10*h. Let m be p(10). Suppose 0 = 2*s + 2*g - 1 - 5, 4*s - 5*g + 6 = m. What is the units digit of s?
1
Let h be 20/(-9) - (-2)/9. Let f be (0/2 + h)/1. What is the units digit of (-5 - -2)/(f/4)?
6
Let l = 18 + -13. Suppose -4*r = 2*j - r - 59, -j = -l*r + 3. What is the tens digit of j?
2
Let b = 20 - 5. Let x = b - 9. What is the units digit of x?
6
Let j(l) = l**2 + 2*l + 5. Let m be j(4). Suppose -75 = 2*o + 3*o. Let x = o + m. What is the tens digit of x?
1
Let g(w) = 2*w - 12. Let v(y) = -y**2 - 8*y - 4. Let k be v(-6). Let n be g(k). Suppose n*s - s = 18. What is the units digit of s?
6
Let s(o) = -7*o - 13. What is the tens digit of s(-12)?
7
What is the tens digit of (-2 + -69)*(-1 - 0)?
7
Let j = -6 - -9. Suppose -j*s - 60 = -4*s. Suppose -3*v + s = v. What is the tens digit of v?
1
Let z(w) = 3*w**2 + 33*w + 19. What is the units digit of z(-13)?
7
Suppose -99 = -3*b - 0*b + 5*o, 2*b + 3*o - 47 = 0. Suppose 36 = 4*f - 4*q, -f + 4*q + b = 2*f. What is the units digit of f?
8
Suppose -5*q + 27 = 7. Suppose 8*t - q*t = 12. Suppose -19 = -t*a + 11. What is the units digit of a?
0
Let i = 5 + -11. What is the units digit of (-20)/i - 1/3?
3
Let d be (14 + (2 - -1))/1. Suppose 4*m - d = 15. What is the units digit of m?
8
Suppose 0 = h + 4*v + 12, 2*h - 20 - 8 = 5*v. Suppose h*k - 36 = -2*s, 3*s - k - 44 = 3*k. What is the units digit of s?
6
Let h = 0 + 7. Let f be (2 + -1)*1 - h. What is the units digit of 3 + 0 + f/3?
1
Let a(k) = 3*k**2 - 5*k - 14. Let d be a(11). Suppose 5*u + 44 - d = 3*x, 4*x = -4*u + 232. What is the units digit of u?
3
Let j = -3 - -6. Suppose -5 = 3*f + 2*f, 2*k - 111 = -j*f. What is the tens digit of k?
5
Let x(t) = -t**3 + 13. Let r be x(0). Let o be (-3 - r)*(1 + -2). Let s = -5 + o. What is the tens digit of s?
1
Let z = 22 - 7. Let i = z + -3. What is the tens digit of i?
1
Let s(f) = -f**2 + 7*f. Let v be s(6). Suppose 5*g - 2*l = -3*l + 17, 0 = 4*l - 8. Suppose g*x - x = v. What is the units digit of x?
3
Let t(x) = -x**3 - 8*x**2 - 6*x + 5. Let w be t(-7). Let n = 8 - w. Let z = n + -2. What is the units digit of z?
8
Suppose 5*s = 4*r + 253, -2*s + 262 = 3*s - r. What is the tens digit of s?
5
Let l be (-4)/(-10) - (-36)/10. Let w(t) = t**2 + t. Let j be w(2). Suppose 0 = -7*y + l*y + j. What is the units digit of y?
2
Suppose -3*k + 5*p = 3*p - 91, 3*k + 5*p - 56 = 0. What is the tens digit of k?
2
Let o(g) = g. Let z be o(-8). Let n = -4 - z. Suppose 12 = n*m + 4*y, -4 = -2*m - 2*y - 2*y. What is the units digit of m?
4
Suppose 0*k + 9 = -k. Let j(h) = h**3 + 10*h**2 + 9*h + 7. Let m be j(k). Let i(r) = r - 1. What is the units digit of i(m)?
6
Suppose -4*z + 0*z + 64 = 0. Suppose -3*j + 7*j - z = 0. What is the units digit of j?
4
What is the units digit of (27 - -1) + 2*(1 + -2)?
6
Let l(c) = 3*c**2 - 2*c. Let h(o) = o**2 - 8*o - 7. Let m be h(9). What is the units digit of l(m)?
8
Let j = 29 - 7. What is the units digit of j?
2
Suppose 0 = -29*w + 28*w + 22. What is the tens digit of w?
2
Let t = 155 - 92. What is the units digit of t?
3
Let a(j) = 28*j - 83. What is the hundreds digit of a(8)?
1
Suppose -5*g + 2*o + 69 = 0, -3*g - 4 = o - 41. Suppose -g + 1 = -4*t. What is the units digit of t?
3
Let r = 23 + -9. What is the tens digit of r?
1
Let x(w) be the second derivative of w**3/6 + 5*w**2 + 3*w. What is the units digit of x(0)?
0
Let w be 4/2 - 0/15. Suppose -8 = -2*h - w*h. What is the units digit of h?
2
Let x = 132 + -58. What is the units digit of x?
4
Let l be ((-32)/40)/(2/35). Let h = -2 - l. What is the units digit of h?
2
Let y(c) = -c + 2. What is the units digit of y(-7)?
9
Let p(k) = 2*k - 6. Suppose 3*b = 7 + 5. Let t be p(b). Suppose -5*d + 4*s - 3*s + 42 = 0, -d + 4 = t*s. What is the units digit of d?
8
Let a(j) be the third derivative of -j**5/60 + 3*j**4/8 + 7*j**3/6 + 5*j**2. Suppose -10 = -h - 1. What is the units digit of a(h)?
7
Suppose -6*g + 290 = -g - a, -5*g + 265 = 4*a. Suppose 45 + g = 2*z. Suppose 2*k = -5*v + z, -2*k + 30 = 3*v - k. What is the units digit of v?
9
Let g = 15 - 26. Let q = g - -27. What is the tens digit of q?
1
Let x(d) = 2*d + 6. What is the units digit of x(9)?
4
Let l = -1 + 4. Suppose -5*g + l = -62. What is the tens digit of g?
1
Let s be 2/(-10) + (-504)/(-45). Let v be (3/(-1))/3 + 4. Suppose v*d - 